 -y - 4*f, 4*y - 14 = -f + 3*f. Let b(i) = 4*i + 6 + 30*i**2 + 3 - 31*i**2 - y + 4. Let o be (6 - 0) + 0/(-1). Give b(o).
-4
Let i(q) be the second derivative of -q**6/144 + q**5/40 + q**4/4 - 9*q**2/2 + 104*q. Let a(c) be the third derivative of i(c). Give a(-3).
18
Let c(i) be the second derivative of -i**5/20 - 5*i**4/12 - i**3/3 + i**2/2 + 6*i + 3. Determine c(-3).
-11
Let x be 1 + (-21)/(-6)*-172. Let p = x - -2049. Let o(v) = 0*v + v - 1465 + p. Calculate o(0).
-17
Let x(p) be the first derivative of 0*p + 8/3*p**3 - 1/24*p**4 + 0*p**2 - 1/40*p**5 + 16. Let n(r) be the third derivative of x(r). Give n(-1).
2
Let f(l) be the third derivative of 5*l**7/504 + l**6/720 - l**5/120 + l**4/12 - 5*l**3/3 + 2*l**2 - 13*l. Let h(r) be the second derivative of f(r). Give h(1).
25
Let h(a) be the first derivative of 0*a**2 + 13*a - 126 - 7*a - 3*a**2 + 4*a**2 + 49. What is h(-5)?
-4
Let v = -4941 + 4959. Let j(r) = r**2 - 18*r + 45. Give j(v).
45
Suppose -720 = 58*r + 2*r. Let k(i) = -7*i - 76. Determine k(r).
8
Let l be -4 + 1 - (23 - 31). Let m(o) = 3*o**2 + l*o**2 - 10*o**3 + 9*o**3 - 2*o**2 + 0 + 5. Suppose -3*u + 5*h + 8 = -5, -4*u = -5*h - 19. Calculate m(u).
5
Let l(b) = -14*b**3 + 4*b**2 + 3*b. Let q be l(-1). Suppose o - 3 - 32 = -5*s, q = 3*o. Let j(z) = z**2 - 2*z**2 + 8*z**2 - 4*z - z**3. Give j(s).
12
Let j(x) be the second derivative of -1/20*x**5 - 5/12*x**4 + 1 + 0*x**3 + 3*x**2 + 40*x. Calculate j(-5).
6
Let n(a) = 20*a**2 - 133*a + 2. Let x(f) = -7*f**2 + 47*f - 1. Let m(b) = 6*n(b) + 17*x(b). Calculate m(3).
7
Let l(o) be the second derivative of -o**7/2520 + o**6/144 - 3*o**5/40 - 19*o**4/6 + 61*o. Let z(j) be the third derivative of l(j). Give z(7).
-23
Let t(x) be the third derivative of -x**5/10 - 19*x**3/3 + 5*x**2 - 2*x. Let f(u) be the first derivative of t(u). Give f(2).
-24
Let g(r) be the third derivative of 20*r**2 - 1/120*r**6 - 1/4*r**4 + 0*r - 3 + 5/6*r**3 + 1/20*r**5. Give g(4).
-35
Let w(h) = 1233*h**2 - 1 - 2353*h**2 + 1103*h**2. Let t be ((-2)/8)/(6/(-24))*1. What is w(t)?
-18
Let g = 440 - 433. Let a(t) = 2*t + 13*t - 6*t - t**3 - 2*t + 6*t**2 - 13*t + g. What is a(5)?
2
Let v(n) = 3*n**2 + 37*n**3 - 95*n**3 + 2*n**2 + 3*n + 57*n**3 - 7. Determine v(5).
8
Suppose 2*f = -6, 2*d = 3*d - 3*f - 19. Suppose 0 = d*v - 7*v - 3. Let k be -12 + v + 6 + -3. Let o(b) = -b**2 - 8*b - 3. Calculate o(k).
-3
Let c(b) = -7 - 2*b - 6 + b**2 - 11*b + 3. Let h be c(14). Let j(i) = -i**3 + 11*i**3 - 9*i**3 + h*i + 5*i**2 - 10*i - 3. What is j(-6)?
-3
Let r(w) be the third derivative of 13*w**4/24 - 5*w**3/6 + 416*w**2. What is r(2)?
21
Let x be -1*1/1*17. Let i(n) = -n**2 - 18*n - 19. Let s be i(x). Let o(v) = -v**3 - 3*v**2 - 2. What is o(s)?
-6
Let b(d) = -d**3 + 7*d**2 + 7*d - 6. Let w be b(8). Suppose -318 = 9*k - 12*k. Let g(f) = 109 - 6*f - k + 13*f**2 - 8*f + f**3. What is g(w)?
3
Let d(m) = 7*m - 75. Let y be d(11). Let z(a) = 3 + 10*a - 13*a - 4 + 4*a - 4*a**y. Give z(1).
-4
Let s be 31/3 + 4/(-12). Let x(d) = 5*d**2 - 16*d**3 - 3*d - s*d**3 + 9 + 25*d**3. Let j be x(5). Let c(n) = -n**3 - 6*n**2 - 2*n - 2. What is c(j)?
10
Let l(j) = 74*j - 523. Suppose -17*g - 1878 = -g - 1990. Determine l(g).
-5
Let j(g) be the third derivative of -23*g**4/8 - 37*g**3/3 + 2*g**2 + 3176. Calculate j(-1).
-5
Let y(h) = -h**3 - 8*h**2 - 3*h - 12. Let n(w) = 2*w**3 - 3*w**2 - 3*w + 4. Let c be n(-3). Let u be 6/(c/(-16) - 5). Calculate y(u).
12
Suppose -45*u + 4*m - 51 = -40*u, 3*m = -5*u - 23. Let n(q) = 2*q**3 + 15*q**2 - 14*q + 2. Give n(u).
149
Let j(y) = 18*y + 39779 - 79572 + 39945. What is j(-8)?
8
Let s(h) = -3175*h + 0*h**2 - 14*h**2 - h**3 - 31 + 3205*h. What is s(-16)?
1
Let m(h) be the second derivative of -h**3/6 - 17*h**2/2 - 1145*h - 2. Calculate m(-7).
-10
Let t(i) = -i**3 + 11*i**2 - 8*i - 32. Let o = 5756 + -5746. Give t(o).
-12
Suppose 3*n + 5 = -4. Let a be 1 - -2 - 57/n. Let d(q) = 3*q + a - 34 - 2*q. Calculate d(0).
-12
Let p = 36 - 34. Let y(g) = -21 + g**p + 4*g + 16 + 2*g - g. What is y(-6)?
1
Let p(t) = 10*t - 35. Let o = -1712 + 1717. Determine p(o).
15
Let h(v) be the second derivative of 97 - 1/12*v**4 + 5/2*v**2 + v + 5/3*v**3. Give h(11).
-6
Let o(q) = q**2 - 4*q - 6. Suppose 14*y = 301 - 1631. Let x = 93 + y. What is o(x)?
6
Let k = 127 - 119. Let r(o) = o**2 + 3*o - 6. Let n be r(-5). Suppose 3*z - 16 = -n, -2*x + z = k. Let q(f) = -f**2 - 2*f - 1. Calculate q(x).
-1
Let g(q) = -21*q - 178*q**2 + 266*q**2 - 1 - 91*q**2. Give g(-7).
-1
Let u(f) = 2*f**2 + 153*f + 219. Suppose 27*m = -2*g + 28*m - 143, -m = -4*g - 293. Give u(g).
-6
Let p(s) = s**3 + 5*s**2 + 5*s - 1. Let m be 48/14 + (120/(-70))/(-3). Suppose -5*v - 5*l - 5 = -0, m*v + 7 = -3*l. What is p(v)?
-5
Let i be 1/(-2) + (0 - 18/(-4)). Let m(r) = i - r**2 - 63*r - 70*r + 128*r. Give m(-5).
4
Let g(p) = -p + 12. Let c = -385 + 403. Let i be ((-12)/c)/((-6)/63). Determine g(i).
5
Let t(l) = 3*l + 5*l - 2273*l**2 - l**3 - 11 + 5*l + 2284*l**2. Calculate t(12).
1
Let i(w) = 8*w - 63. Let d be (74/6 - 16/(-24)) + 8 - 4. Calculate i(d).
73
Let j(b) = -b**3 - 1. Suppose 16*m + 14*m = 27*m. Suppose m = 171*t - 168*t + 6. Determine j(t).
7
Let w be (4/6)/((-4)/12). Let j = -12 - -14. Let z(t) = -2*t**j - 20*t + 8*t - 1 + 10*t. Give z(w).
-5
Let j(s) be the first derivative of -s**3/3 + 2*s**2 - 33. Suppose m - 10 + 8 = 0. Suppose -m*l + y = -y, 0 = -5*l - 3*y + 40. Determine j(l).
-5
Let d(a) = 8*a**2 + 187*a + 665. Let x be d(-19). Let f(p) be the third derivative of 1/8*p**4 + x - 12*p**2 + 7/6*p**3 + 0*p. Determine f(-6).
-11
Let k = -1 + 1. Let r(h) = h**3 + 7*h**2 - 29*h + 12. Let m be r(-10). Let p(i) = -61*i**2 - m - 62*i**2 + 124*i**2. What is p(k)?
-2
Let n(i) be the first derivative of i**5/20 - i**4/4 - 5*i**3/6 + 3*i**2 + 75*i - 24. Let u(w) be the first derivative of n(w). Give u(4).
2
Let z be (4 + (-2)/(-2))*(-1)/1. Let k(i) = -i**2. Let m(c) = 6*c**2 + 4*c + 1. Let o(p) = z*k(p) - m(p). What is o(-5)?
-6
Let r(n) = n**3 + 4*n**2 + 6*n + 7. Let d be r(-3). Let i be (d/(-6))/(2/(-54)). Let j be (i/6)/(10/20). Let a(z) = z**3 + z**2 - z + 4. Determine a(j).
-11
Let a(l) = 3*l**3 + 2*l**2 - 3. Let j(p) = -p**2 + 122*p + 767. Let c be j(-6). Give a(c).
-4
Let v(p) = 5*p**3 - p**2 - 105*p - 105. Let s be v(-1). Let t(y) = y**3 + 6*y**2 - 4*y + 5. Calculate t(s).
29
Let j(q) be the third derivative of -q**6/120 + 19*q**5/60 - q**4/12 + 5*q**3/2 + 12850*q**2. Calculate j(19).
-23
Let b = -8 - -36. Suppose -193*o + 200*o - b = 0. Let g(i) = -i**2 + 4. Give g(o).
-12
Let t = 343 - 339. Suppose 0*f + t*f - x + 31 = 0, 21 = -3*f + 3*x. Let c(o) = 3*o + 12. Determine c(f).
-12
Suppose 0 = -5*z + 5*w, z + 6 = -w - w. Let y(o) be the second derivative of -o**3 + 13*o - 3. Calculate y(z).
12
Let b(u) = u**3 - 5*u**2 - 2*u + 5. Let x = -100 - -192. Let c = 40 - x. Let r = 57 + c. Calculate b(r).
-5
Suppose 3*f = -3*r - 9, 626*f = -6*r + 629*f - 9. Let n(w) = -w**2 - 15*w - 22. What is n(r)?
4
Suppose -6 = -z - 5. Let h be (z*-3)/((-15)/40). Suppose 9*q = h*q + 1. Let g(r) = r**3 - r**2 + 1. Determine g(q).
1
Let q be 2*-10 + (-12 - -11). Let w = q - 27. Let u = 52 + w. Let s(y) = y**3 - 4*y**2 + y - 4. Give s(u).
0
Let z = -8 + 14. Suppose 11*g = z*g + 10. Let s(j) = -19*j**2 - 6 - j**3 - 5*j + 52*j**g - 27*j**2. What is s(5)?
-6
Suppose 5*f = c - 632, 341 = 5*f + 2*c + 967. Let i = 132 + f. Let m(v) = -v. Calculate m(i).
-6
Let h(j) be the first derivative of j**3/3 + 15*j**2/2 - 42*j + 106. Let r(l) = -5*l**2 - 75*l + 211. Let d(y) = 11*h(y) + 2*r(y). Determine d(-17).
-6
Let d(p) = p**3 + p**2 + p + 1. Let h = 558 - 554. Suppose -h*c = -0*c + 3*l - 5, 3*l - 14 = 5*c. What is d(c)?
0
Let w(h) be the third derivative of -5/3*h**3 + 0*h - 1/24*h**4 + 0 + 37*h**2. What is w(0)?
-10
Suppose 0 = o + v - 8, -14 = 6*o - 8*o - 4*v. Let f(c) = o*c**2 + 20*c**3 - 43*c**3 + 5 - 9*c + 22*c**3 + 0*c**2. Determine f(8).
-3
Suppose 6*k - 52 = -34. Let n(z) = -4*z**2 + z**k - 4 - 24*z**2 + 31*z**2. Let w = -11 + 8. Determine n(w).
-4
Suppose 22*h = -46*h - 952. Let o(u) be the third derivative of u**4/24 + 10*u**3/3 + 4*u**2. What is o(h)?
6
Suppose 17*c - 16*c + 352 = 0. Let t = c - -354. Let w(b) be the first derivative of b**2 + 2*b + 1. Determine w(t).
6
Let o(v) =